t i = u - 29. What is t(i)?
11
Let p be ((-5 - -3) + 3)*(-2)/(-1). Let t(a) = 7*a**p - 8*a**2 + 2*a + 3*a. Let s = 8 + -5. Calculate t(s).
6
Let u be ((-1)/3)/(2/18). Let c(m) be the third derivative of -m**2 + 0 - 1/24*m**4 + 0*m + 0*m**3. Calculate c(u).
3
Let o(w) = -3*w**3 - w**2 - 2*w - 1. Suppose -10*a - 30 = -16*a. Suppose n + a = 6*n. Let i be ((-9)/3)/n + 2. Determine o(i).
3
Let b(d) = d**3 + d**2 - 3*d + 1. Suppose 0*z - 8*z + 96 = 0. Let y = -15 + z. Give b(y).
-8
Let u(v) be the second derivative of v**5/20 - v**4/2 + 7*v**3/6 - 5*v**2/2 + 4*v. Let x be 60/9*(-6)/(-2). Suppose -x = -3*y + 4*n, 0 - 2 = y + 3*n. Give u(y).
-9
Let p(v) be the third derivative of v**6/120 + 13*v**5/60 - 17*v**4/24 - 11*v**3/2 + v**2 - 583. Determine p(-14).
9
Let j(l) be the first derivative of l**3/3 + 9*l**2/2 - l - 81. Calculate j(-4).
-21
Let c = -1 + 1. Suppose c = -u + 3*j + 8 + 5, 4*j = -2*u + 6. Let l = 12 - u. Let t(a) = a - 12. Calculate t(l).
-7
Let w be (1 - (-16)/(-36)) + (-36)/(-81). Let g = 25 + -14. Let l(q) = -2*q + 1 + g*q - 2. Determine l(w).
8
Let c(h) = 3 - 480*h**3 - h**2 + 243*h**3 + 238*h**3 - 4*h. Calculate c(2).
-1
Let x(f) = -f**2 - 7*f - 4. Let n = -12 + 27. Suppose 0 = y - 6*y - n, 2*h + 17 = -y. Give x(h).
-4
Let n(w) be the third derivative of 7/24*w**4 + 0 - 1/60*w**5 + 4/3*w**3 - 26*w**2 + 0*w. Give n(8).
0
Let m(a) = a - 7. Let o(z) = z**3 + 10*z**2 + z + 16. Let p be o(-10). Determine m(p).
-1
Let m(j) be the first derivative of -j + 18 - 5/2*j**2. Give m(-2).
9
Let w(o) = 103*o - 15. Let v(g) = 43*g - 8. Let h(i) = 5*v(i) - 2*w(i). Calculate h(6).
44
Let q = -5 - -9. Suppose -k + y - 5*y = -15, 0 = -q*k - 2*y + 18. Let f(j) = 7 - 5*j + 0*j**3 + 3*j + k*j - j**3. Give f(0).
7
Let a(r) = -5*r**2 - r - 40. Let y(x) = -2*x**2 - x - 17. Let t(m) = -3*a(m) + 7*y(m). What is t(4)?
1
Let c(t) be the second derivative of 5*t**3/6 - 11*t**2/2 + t + 271. What is c(3)?
4
Let i(n) = -n**3 + 9*n**2 - 9*n + 10. Let u be i(8). Let k(z) = z**3 - 3*z - z**u + 3*z**2 + z**2 + 5. Suppose -474*f = -444*f + 120. What is k(f)?
1
Let j(q) be the first derivative of q**2/2 + 8*q + 207. Give j(-9).
-1
Suppose -17*g = g - 270. Let k(s) = -s**3 + 14*s**2 + 18*s + 8. Determine k(g).
53
Let v(o) = 6*o - 48. Let w be v(8). Let z(u) be the third derivative of -u**6/120 - u**5/60 + u**3/6 + 5*u**2. Give z(w).
1
Let q(d) be the first derivative of -d**3/3 + 3*d**2/2 - 5*d + 47. Calculate q(5).
-15
Let s(k) = k - 5. Suppose 62*q - 59*q = -4*h + 28, 5*q = 2*h + 12. Calculate s(q).
-1
Let g(l) be the first derivative of 11*l**4/4 - 7*l**3/3 - 5*l**2/2 - 5*l + 1. Let z(k) = -5*k**3 + 3*k**2 + 2*k + 2. Let q(b) = 2*g(b) + 5*z(b). Give q(1).
-2
Let d be 30/(-9) + (-2)/3. Let o(i) = -2*i - 6. Let r be o(d). Let q(f) = 399 - 3*f - 398 + 3*f - f**2. Give q(r).
-3
Let x(s) = -s. Let k(i) = -18*i + 10. Let b be k(1). Give x(b).
8
Let o(c) = -c**3 - 3*c**2 + 4*c + 6. Let p be ((-2)/(-6) + -1)/(5/30). Determine o(p).
6
Let p(r) = -2*r**2 - 6*r - 6. Let c = 19 + -18. Let u(q) = q + 1. Let d(k) = c*p(k) + 8*u(k). Give d(2).
-2
Let s(c) be the first derivative of -c**4/4 - 3*c**3 + 5*c**2 - 12*c - 236. Determine s(-10).
-12
Let s = 87 + -85. Let k(t) = 32*t**2 + 33*t**2 + 1 - 2*t - 60*t**s. Calculate k(1).
4
Let z(k) = 21*k**2 + 3 - 4 + 2 - 18*k**2 - k. Let f be 55/77 - (-2)/7. Give z(f).
3
Let v(d) be the third derivative of -d**5/60 + d**4/24 + 7*d**3/6 + 128*d**2. Calculate v(5).
-13
Let t(z) = 3*z + 57. Let d = 54 + -73. Let q be t(d). Let g(l) = -l - 1. What is g(q)?
-1
Let v be -5 - -1 - 44/(-11). Suppose -x + v*x = -2. Let n(c) = -6 - 5*c**x - c + 3 + c - 4*c. Give n(-2).
-15
Suppose 0*k = -5*k. Suppose -r + 2 = -k*r. Suppose 3*v + 1 - 7 = -o, o + 9 = r*v. Let f(d) = -4*d. Determine f(v).
-12
Let d(v) = v**2 + 6*v + 7. Suppose 3*t + 22 = -5*a + 6*t, 5*a + 3*t = -28. Give d(a).
2
Let g(y) = 4*y**2 - y - 7. Let i(b) = -b**2 + b. Let h(w) = -g(w) - 3*i(w). Determine h(-5).
-8
Let u(d) be the third derivative of 1/60*d**5 + 0*d + 0 + 1/6*d**3 - 1/15*d**6 - 2*d**2 - 1/24*d**4. Suppose -8*x - 17 = -25. Give u(x).
-7
Let u be 2/(-4)*(-7 + 1 - -24). Let c be 20/u - 16/(-72). Let s(x) = -2*x + 2. Calculate s(c).
6
Let v(x) be the third derivative of x**4/24 + 4*x**3 - 2*x**2 + 23*x. What is v(-15)?
9
Let d(u) be the third derivative of u**5/60 - u**4/12 + u**3/3 + 2*u**2. Suppose -110*m - 4 = -112*m. Determine d(m).
2
Let b = 144 - 42. Let a = b + -108. Let g(x) = x**2 + 7*x. Calculate g(a).
-6
Let x(d) be the second derivative of d**3/6 + 5*d**2/2 + d. Let a(h) = -2*h - 5 + 8*h**2 + h**3 + 0*h**3 - 7*h. Let c be a(-9). Determine x(c).
0
Suppose 250 = 10*t + 230. Let j(c) = 9*c + 5. Let r(w) = 18*w + 11. Let o(y) = 9*j(y) - 4*r(y). Give o(t).
19
Let r be -6 - (-3)/((-3)/2). Let h(n) = -2766 - 2*n + 1389 - 8*n**2 + 1382 - n**3 + 0*n. Calculate h(r).
21
Let f(q) be the second derivative of q**4/12 - 7*q**3/6 + q**2/2 - 4*q. Suppose 20 = 2*s + 6. Determine f(s).
1
Let b(x) = -x**3 - 4*x**2 + 2. Let s be -98*(-150)/14*(-10)/(-25). Suppose -3*d = 187 + 119. Let j be 6/51 + s/d. What is b(j)?
2
Let i(y) be the second derivative of -y**7/840 - y**6/90 + y**5/20 - y**4/6 - 16*y**3/3 - 35*y. Let s(p) be the second derivative of i(p). What is s(-5)?
-9
Let w(s) = 4*s**3 - s + 0*s**2 + s**2 - 6*s**3. Let b be 5/2*2*1. Suppose 2*c = -b + 7. What is w(c)?
-2
Suppose -6*u - 10 = -u. Let i(x) be the second derivative of x**6/720 + x**5/60 - x**4/4 + x. Let n(y) be the third derivative of i(y). What is n(u)?
0
Let p(f) = f**2 + f + 1. Let b(q) = -q**2 - 9*q + 6. Let t(r) = -b(r) - 2*p(r). What is t(7)?
-8
Let d(x) be the first derivative of 27*x**2/2 + x + 257. Calculate d(2).
55
Let m(q) = -q - 1. Let x(p) = -p**2 - 13*p - 39. Let f be x(-7). Let z(b) = -b - 2. Let c(v) = f*z(v) - 4*m(v). What is c(8)?
6
Let t(s) = 8*s - 13. Let k(f) = 17*f - 26. Let g(a) = -4*k(a) + 9*t(a). Let o be g(8). Let i = o - 24. Let q(l) = l - 1. Give q(i).
-6
Let r(v) = -5 + 3*v**3 - 15*v + 17*v + 6*v**2 - 2*v**3 - 1. Give r(-5).
9
Let l(f) = f**3 + 2*f**2 - f - 1. Let w(u) = -2*u - 1. Let p be -3*(-3 - (-40)/15). Let k be w(p). Give l(k).
-7
Let y be (-7)/6 + (-7)/(-42). Let j(d) = d**3 + d**2 - 1. Let f be j(y). Let o(w) = -21*w**2 - 24*w + 27*w**2 + 25*w. Give o(f).
5
Suppose -2*q + 4 = -3*q. Let m(i) = -10*i**2 + 0*i - 5*i + 2*i + 5*i**2 + 3 - i**3. Let z be m(q). Let n(c) = 3*c**3 + c**2 - 1. Give n(z).
-3
Let m(l) = l**2 + 7*l + 6. Let b be m(-6). Let v(w) = -3*w - 2*w + b*w. Let i be (-5)/4 - ((-98)/(-56) + -2). Give v(i).
5
Let t(q) = -q**2 - 10*q - 2. Let y be (-15)/(0 + 3) + (-13 - -11). Calculate t(y).
19
Let f(r) = -r - 4. Let u(c) = -c**2 - 6*c - 18. Let l(g) = 6*f(g) - u(g). Give l(5).
19
Let i(w) = 1 - 13 + 13 + w**3 + w + 5*w**2. Determine i(-6).
-41
Let q(s) = 4*s + 16. Let l(c) = 14*c + 62. Let t(v) = 6*l(v) - 22*q(v). What is t(7)?
-8
Let r(g) = -5*g**3 - 17*g**2 - 17*g - 15. Let d(c) = 4*c**3 - 8 - 9*c**2 - 6*c**3 - 9*c - c**3. Let k(t) = 7*d(t) - 4*r(t). Give k(6).
-2
Suppose 2*c - 16 = 5*j, c + 10 = 2*c - 3*j. Let o(r) = 3*r + 0*r - 6*r - 2. Give o(c).
4
Let u be 3/(-6) - 18/(-4). Let b be (-640)/(-36) + u/18. Suppose -p - b = 2*p. Let l(o) = o + 2. Determine l(p).
-4
Suppose -4*i = -4*u + 1 + 3, -i + 5 = 5*u. Let t(x) = -4*x**3 + 6*x**2 - 23. Let s(z) = z**3 - z**2. Let d(o) = u*t(o) + 5*s(o). What is d(0)?
-23
Let x be 1/(42/15 - 3). Let g(n) = -n**3 - 5*n**2 - n - 4. What is g(x)?
1
Let v(h) = -h**3 + 5*h**2 + 7*h + 3. Let q be 1 - 1 - (-7 + 3). Suppose -g - 2*n + 24 = 2*g, q*g - 18 = 2*n. What is v(g)?
9
Let x = -78 + 81. Let a be 5/(3*1/x). Let j(n) = -n**2 + 3*n + 6. Determine j(a).
-4
Let k be 4 - (-6 + 3 + 4). Let p(s) = -s**2 + 5*s - 2. What is p(k)?
4
Let z(w) = -5*w + 1. Let y be z(1). Let r(j) = -3*j**2 + 3*j - 1. Let p(b) = -b**3 - b**2 - 1. Let g(s) = p(s) + r(s). Give g(y).
-14
Let k(v) = v**3 + v**2 + v - 1. Let p(z) = z**3 - z + 1. Let t(b) = 3*b**3 + 9*b**2 + 6*b + 4. Let s(y) = -p(y) - t(y). Let o(n) = 3*k(n) + s(n). What is o(-6)?
4
Let p be ((-12)/42)/((-8)/28). Let d(t) = 10*t**3 + t**2. What is d(p)?
11
Suppose 80*u - 76*u + 26 = 3*a, u - 5 = -5*a. Let q(p) = 2 - 5 - 4*p + 2. What is q(u)?
19
Let k(f) = -88 + 9 + 40 - 2*f. Give k(0).
-39
Let y(p) = 20*p**